{"id":21,"date":"2016-04-25T16:32:55","date_gmt":"2016-04-25T16:32:55","guid":{"rendered":"http:\/\/radim.martynek.cz\/?page_id=21"},"modified":"2024-12-01T07:43:13","modified_gmt":"2024-12-01T06:43:13","slug":"kontakt","status":"publish","type":"page","link":"https:\/\/radim.martynek.cz\/?page_id=21","title":{"rendered":"Kontakt"},"content":{"rendered":"<p>Radim Martynek, Lidick\u00e1 19, 602 00 Brno, I\u010c 73276758, tel. 777 858 954, <a href=\"http:\/\/radim@martynek.cz\">radim@martynek.cz<\/a><br \/>Akademie <em><strong>nev\u0161edn\u00edho<\/strong> <\/em>vzd\u011bl\u00e1v\u00e1n\u00ed, s. r. o., Lidick\u00e1 19, 602 00 Brno, I\u010c 29303567<\/p>\n<p>Kdo je Radim Martynek?<\/p>\n<ul>\n<li>po\u0159adatel <a href=\"https:\/\/www.akademie-vzdelavani.cz\/vzdelavani\/\" target=\"_blank\" rel=\"noopener\">semin\u00e1\u0159\u016f<\/a> s Ladislavem \u0160pa\u010dkem, blah\u00e9 pam\u011bti s MUDr. Radimem Uzlem, ale tak\u00e9 s dal\u0161\u00edmi \u00fa\u017eas\u0148\u00e1ky a \u0161oumeny, ale taky lektor<\/li>\n<li>autor odborn\u00e9 publikace <a href=\"https:\/\/www.akademie-vzdelavani.cz\/nase-knihy\/\" target=\"_blank\" rel=\"noopener\">P\u00edsemn\u00e1 komunikace v praxi<\/a><\/li>\n<li>autor erotick\u00e9ho a inspirativn\u00edho <a href=\"http:\/\/www.roman-on.cz\" target=\"_blank\" rel=\"noopener\">rom\u00e1nu On<\/a> a psychologicko-erotick\u00e9ho rom\u00e1nu Ona<\/li>\n<li>v\u00fdhradn\u00ed v\u00fdrobce <em>l\u00e9k\u016f<\/em> <a href=\"http:\/\/www.lek-dobrofen.cz\" target=\"_blank\" rel=\"noopener\">Dobrofen<\/a> (antikokoticum), Zlocyn (kokoticum) a IQ v tablet\u00e1ch (Chytracetamol)<\/li>\n<li>autor samofinancovateln\u00e9ho projektu <a href=\"https:\/\/radim.martynek.cz\/?p=929\">d\u00f3mu ak\u010dn\u00edho st\u00e1\u0159\u00ed<\/a><\/li>\n<li>autor projekt\u016f <a href=\"http:\/\/www.dobry-urad.cz\" target=\"_blank\" rel=\"noopener\">Dobr\u00fd \u00fa\u0159ad<\/a>, \u0160kola gentleman\u016f a Pije\u0161 mi krev<\/li>\n<li>vydavatel e-\u010dtvrtletn\u00edku Nev\u0161edn\u00edk<\/li>\n<\/ul>\n<p>Divnej t\u00fdpek :-) A d\u00e1l?<\/p>\n<ul>\n<li>nezaj\u00edmav\u00fd, zcela v\u0161edn\u00ed, star\u00fd p\u00e1n, kter\u00fd pro p\u0159ehr\u0161el energie a spousty voln\u00e9ho \u010dasu pot\u0159ebuje po\u0159\u00e1d nov\u00e9 impulsy a v\u00fdzvy (-:<\/li>\n<li>self-gener\u00e1tor \u0161t\u011bst\u00ed, optimista, sm\u00ed\u0161ek, dealer skv\u011bl\u00e9 n\u00e1lady a <a href=\"https:\/\/www.akademie-vzdelavani.cz\/p\/cecka\/\" target=\"_blank\" rel=\"noopener\">c\u00e9\u010dek<\/a>, podn\u00e1jemn\u00edk u sv\u00fdch <a href=\"https:\/\/radim.martynek.cz\/?p=239\" target=\"_blank\" rel=\"noopener\">dvou ko\u010dek<\/a><\/li>\n<li>\u010dlov\u011bk, kter\u00e9ho je t\u011b\u017ek\u00e9 p\u0159ekvapit \u2013 tvor, kter\u00fd jen m\u00e1lokdy nev\u00ed, co \u0159\u00edci (tak\u017ee pokud najednou ml\u010d\u00ed, tak je to bod pro V\u00e1s :-)<\/li>\n<li>milovn\u00edk kvalitn\u00ed k\u00e1vy a spole\u010dnosti kvalitn\u00edch lid\u00ed v\u016fkol (podle hesla: nez\u00e1le\u017e\u00ed, co piju, ale s k\u00fdm to piju)<\/li>\n<li>milovn\u00edk \u017eivota, <a href=\"https:\/\/cs.wikipedia.org\/wiki\/T%C4%9Bsnopis\" target=\"_blank\" rel=\"noopener\">t\u011bsnopisu<\/a>, <a href=\"https:\/\/radim.martynek.cz\/?p=254\" target=\"_blank\" rel=\"noopener\">ferrat<\/a>, <a href=\"https:\/\/radim.martynek.cz\/?p=526\" target=\"_blank\" rel=\"noopener\">pole dance<\/a>, adrenalinu a rychl\u00e9 j\u00edzdy autem (s 0 body na kont\u011b)<\/li>\n<\/ul>\n\n\n<h2 class=\"wp-block-heading\">Nab\u00eddka spolupr\u00e1ce<\/h2>\n\n\n\n<p class=\"has-text-align-center\"><strong>HLED\u00c1 SE AK\u010cN\u00cd PAR\u0164\u00c1K <\/strong><br><strong>PRO JEDNATELE<\/strong> <strong>A NA\u0160E KLIENTY<\/strong><br> <strong>NA POZICI MANA\u017dER VZD\u011aL\u00c1V\u00c1N\u00cd \u2013 OBCHODN\u00cd CESTUJ\u00cdC\u00cd<\/strong>  <\/p>\n\n\n\n<p class=\"has-text-align-center\"><a><strong>NEHLED\u00c1TE JEN OBY\u010cEJNOU PR\u00c1CI <\/strong><\/a><br><a><strong>A&nbsp;UM\u00cdTE ZDOL\u00c1VAT V\u00ddZVY?<\/strong><\/a><\/p>\n\n\n\n<p class=\"has-text-align-center\"><strong>Jen<\/strong><br><strong>m\u00e1lokdo <\/strong><br><strong>zvl\u00e1d\u00e1 moje<\/strong><br><strong>vra\u017eedn\u00e9 tempo <\/strong><br><strong>a \u0161\u00edlenou kreativitu, <\/strong><br><strong>proto hled\u00e1m opravdu <\/strong><br><strong>nev\u0161edn\u00edho \u010dlov\u011bka, kter\u00e9ho <\/strong><br><strong>bav\u00ed obchod a chce si u\u017e\u00edvat pr\u00e1ci. <\/strong><\/p>\n\n\n\n<p>Pro\u010d nev\u0161edn\u00edho? Proto\u017ee m\u00ed klienti pova\u017euj\u00ed m\u011b\nsamotn\u00e9ho za velmi nev\u0161edn\u00edho pr\u00e1v\u011b t\u00edm, co pro n\u011b se sv\u00fdmi kolegy d\u011bl\u00e1m. A to\nn\u00e1s odli\u0161uje od nudn\u00e9ho pr\u016fm\u011bru. <\/p>\n\n\n\n<p><strong>Co vlastn\u011b d\u011bl\u00e1me?<\/strong><\/p>\n\n\n\n<ul class=\"wp-block-list\">\n<li>po\u0159\u00e1d\u00e1me semin\u00e1\u0159e s\u00a0takov\u00fdmi esy jako je Ladislav \u0160pa\u010dek nebo svat\u00e9 pam\u011bti <a href=\"https:\/\/radim.martynek.cz\/?p=1258\" target=\"_blank\" rel=\"noreferrer noopener\">MUDr. Radim Uzel<\/a><\/li>\n\n\n\n<li>\u0161kol\u00edme t\u00e9mata, kter\u00e1 ned\u011bl\u00e1 nikdo jin\u00fd, nap\u0159. Mozkov\u00fd jogging, Akademie zad, Sexu\u00e1ln\u00ed hara\u0161en\u00ed, anti-GDPR, Jak se odl<em>y<\/em>\u0161it a b\u00fdt zapamatovateln\u00fd <\/li>\n\n\n\n<li>ka\u017ed\u00fd den se setk\u00e1v\u00e1me se z\u00e1kazn\u00edky a\u00a0v\u017edy je nadchneme pro n\u011bjak\u00e9 nev\u0161edn\u00ed t\u00e9ma <\/li>\n\n\n\n<li>klienti pak nadchnou pro semin\u00e1\u0159 sv\u00e9 zam\u011bstnance<\/li>\n\n\n\n<li>spole\u010dn\u011b posouv\u00e1me spole\u010dnost ke zdrav\u011bj\u0161\u00edm a optimisti\u010dt\u011bj\u0161\u00edm z\u00edt\u0159k\u016fm v\u00a0r\u00e1mci Dalajl\u00e1mova motta: <\/li>\n<\/ul>\n\n\n\n<p class=\"has-text-align-center\"><em>Jsou jen dva druhy probl\u00e9m\u016f: <br>\nty, kter\u00e9 nem\u016f\u017eeme ovlivnit, a proto nem\u00e1 smysl se jimi zat\u011b\u017eovat, <br>\na ty, kter\u00e9 m\u016f\u017eeme ovlivnit, a proto nem\u00e1 smysl se jimi zat\u011b\u017eovat.<\/em><\/p>\n\n\n\n<p class=\"has-text-align-center\"><strong>SMYSLEM NA\u0160\u00cd PR\u00c1CE JSOU NAD\u0160EN\u00cd KLIENTI, <\/strong><br><strong>kter\u00fdm ukazujeme, jak se z lid\u00ed a ze \u017eivota nepod\u011blat, <\/strong><br><strong>jak hledat radost v mali\u010dkostech a jak si u\u017e\u00edvat i takovou pr\u00e1ci, <\/strong><br><strong>kter\u00e1 je nebav\u00ed. Otev\u00edr\u00e1me jim obzory a ukazujeme nov\u00e9 \u00fahly pohledu <\/strong><br><strong>P\u0158EDEV\u0160\u00cdM vzd\u011bl\u00e1v\u00e1n\u00edm, ale tak\u00e9 my\u0161lenkami P\u0158ED\u00c1VAN\u00ddMI mezi \u0159\u00e1dky.<\/strong><\/p>\n\n\n\n<p><strong>A CO VY?<\/strong><strong><\/strong><\/p>\n\n\n\n<ul class=\"wp-block-list\">\n<li>M\u00e1te energii, kur\u00e1\u017e a bav\u00ed V\u00e1s komunikace s lidmi?<\/li>\n\n\n\n<li>Vr\u00e1t\u00edte se oknem, kdy\u017e V\u00e1s vyhod\u00ed dve\u0159mi?<\/li>\n\n\n\n<li>Vid\u00edte za sebou jasn\u00e9 v\u00fdsledky a m\u00e1te c\u00edl, kter\u00fd V\u00e1s \u017eene<br>vp\u0159ed? <\/li>\n\n\n\n<li>Nem\u00e1te obavu komunikovat s\u00a0lidmi?<\/li>\n\n\n\n<li>M\u00e1te radost, kdy\u017e za sebou vid\u00edte hotovou pr\u00e1ci?<\/li>\n\n\n\n<li>Pr\u00e1ce pro V\u00e1s nen\u00ed nuda, ale d\u016fle\u017eit\u00e1 sou\u010d\u00e1st Va\u0161eho<br>\u017eivota? <\/li>\n<\/ul>\n\n\n\n<p><strong>PAK MI NEPOS\u00cdLEJTE CV ANI MOTIVA\u010cN\u00cd DOPIS<\/strong><\/p>\n\n\n\n<p>D\u016fle\u017eit\u00fd je pro m\u011b V\u00e1\u0161 \u00fasm\u011bv, co \u0159\u00edk\u00e1te, jak se chov\u00e1te, jak\u00fd jste \u010dlov\u011bk, proto\u017ee tak V\u00e1s bude potk\u00e1vat z\u00e1kazn\u00edk. To ze s\u00ed-v\u00ed-\u010dka ani z&nbsp;motiva\u010dn\u00edho dopisu nepozn\u00e1m. Vypracujte odpov\u011bdi na n\u00ed\u017ee uveden\u00e9 ot\u00e1zky a&nbsp;po\u0161lete je na&nbsp;<a href=\"mailto:radim@martynek.cz\">radim@martynek.cz<\/a>:<\/p>\n\n\n\n<ol class=\"wp-block-list\">\n<li>Co si p\u0159edstavujete pod\u00a0<strong><em>nev\u0161edn\u00edm<\/em><\/strong>\u00a0vzd\u011bl\u00e1v\u00e1n\u00edm? <\/li>\n\n\n\n<li>Jak\u00e1 t\u00e9mata na trhu vzd\u011bl\u00e1v\u00e1n\u00ed podle V\u00e1s chyb\u00ed? <\/li>\n\n\n\n<li>Jak vedete jedn\u00e1n\u00ed s\u00a0klientem? Popi\u0161te svou ide\u00e1ln\u00ed sch\u016fzku. <\/li>\n<\/ol>\n\n\n\n<p>S&nbsp;p\u0159\u00e1n\u00edm 3,47 tun \u00fasm\u011bv\u016f<br>Radim Martynek<\/p>\n\n\n\n<p><\/p>\n","protected":false},"excerpt":{"rendered":"<p>Radim Martynek, Lidick\u00e1 19, 602 00 Brno, I\u010c 73276758, tel. 777 858 954, radim@martynek.czAkademie nev\u0161edn\u00edho vzd\u011bl\u00e1v\u00e1n\u00ed, s. r. o., Lidick\u00e1 19, 602 00 Brno, I\u010c 29303567 Kdo je Radim Martynek? po\u0159adatel semin\u00e1\u0159\u016f s Ladislavem \u0160pa\u010dkem, blah\u00e9 pam\u011bti s MUDr. Radimem Uzlem, ale tak\u00e9 s dal\u0161\u00edmi \u00fa\u017eas\u0148\u00e1ky a \u0161oumeny, ale taky lektor autor odborn\u00e9 publikace P\u00edsemn\u00e1&#8230;<\/p>\n","protected":false},"author":10,"featured_media":0,"parent":0,"menu_order":0,"comment_status":"closed","ping_status":"closed","template":"","meta":{"footnotes":""},"class_list":["post-21","page","type-page","status-publish","hentry"],"_links":{"self":[{"href":"https:\/\/radim.martynek.cz\/index.php?rest_route=\/wp\/v2\/pages\/21","targetHints":{"allow":["GET"]}}],"collection":[{"href":"https:\/\/radim.martynek.cz\/index.php?rest_route=\/wp\/v2\/pages"}],"about":[{"href":"https:\/\/radim.martynek.cz\/index.php?rest_route=\/wp\/v2\/types\/page"}],"author":[{"embeddable":true,"href":"https:\/\/radim.martynek.cz\/index.php?rest_route=\/wp\/v2\/users\/10"}],"replies":[{"embeddable":true,"href":"https:\/\/radim.martynek.cz\/index.php?rest_route=%2Fwp%2Fv2%2Fcomments&post=21"}],"version-history":[{"count":54,"href":"https:\/\/radim.martynek.cz\/index.php?rest_route=\/wp\/v2\/pages\/21\/revisions"}],"predecessor-version":[{"id":2476,"href":"https:\/\/radim.martynek.cz\/index.php?rest_route=\/wp\/v2\/pages\/21\/revisions\/2476"}],"wp:attachment":[{"href":"https:\/\/radim.martynek.cz\/index.php?rest_route=%2Fwp%2Fv2%2Fmedia&parent=21"}],"curies":[{"name":"wp","href":"https:\/\/api.w.org\/{rel}","templated":true}]}}